 o be (1 - -5)/(l/(-4)). What is the greatest common divisor of o and v?
24
Suppose -2*k - w + 4 = -0*k, -3*w = -k + 2. Let h(j) = j + 2*j**2 - 3*j**2 + 6 + 2*j**k - 8*j. Let p be h(-7). Calculate the highest common divisor of p and 13.
13
Let l(v) = -v**2 - 3*v + 21. Let r be l(-4). What is the highest common divisor of 136 and r?
17
Let k be (-3)/(26/39 - 1). Let u = -184 - -466. Suppose -4*y + 416 = 4*m, -3*y + 0*y + 3*m = -u. Calculate the highest common factor of y and k.
9
Let k be ((-3)/((-9)/(-2)))/((-34)/6069). Suppose -k = -10*o + 3*o. What is the greatest common divisor of 85 and o?
17
Let v = 142 - -5. Suppose 13*a = -249 + 41. Let x be (-36 + 8)*4/(a/3). Calculate the highest common divisor of v and x.
21
Let b(w) = 33*w - 6. Let p be b(2). Let g(o) = 3*o + 3. Let y be g(7). What is the greatest common divisor of y and p?
12
Let h(m) = m**3 - m**2 - 3. Let i be h(3). Suppose -5*s - 2*t = -132 - 401, 0 = 2*s + t - 214. Calculate the highest common factor of i and s.
15
Suppose -2*x = 14*x - 832. Calculate the greatest common divisor of x and 39.
13
Suppose -3*b + 70 = 2*c, 2*b + 3*c + 51 = 4*b. Calculate the highest common divisor of 348 and b.
12
Let j = -342 - -346. What is the highest common factor of 66 and j?
2
Let c = -15 + 155. Calculate the greatest common factor of c and 40.
20
Let l be 3/12 - 11/(-4). Let a be (-2)/(l - 5) + 12. Let c(k) = -35*k - 193. Let v be c(-7). What is the greatest common divisor of v and a?
13
Let l be 27*5*108/(-30). Let v = -315 - l. Let t = -26 + 45. What is the highest common divisor of t and v?
19
Suppose -1974 = -7*y + 2415. What is the highest common divisor of 57 and y?
57
Suppose -3*s = -5*t + 105, -6*s = -9*s + 15. Calculate the highest common divisor of t and 54.
6
Suppose 0*b = -4*b + 4. Let t be (2 - 27)*4/(-10). What is the greatest common factor of b and t?
1
Let w = -41 - -59. Let g = 9 + -19. Let m = g - -22. Calculate the highest common divisor of m and w.
6
Let y(x) = -x**2 - 7*x + 30. Let d be y(-9). Suppose 2*a - 2 = -4. Let i be 15/20*(-32)/a. Calculate the highest common divisor of i and d.
12
Let h(w) = 4*w**2 + 5*w + 3. Suppose -v + 2*d = 6, -d = 4*v - 0 - 12. Suppose l = -1 - v. Let u be h(l). What is the highest common factor of u and 12?
12
Let h(r) = -4*r**3 + 4*r**2 - r - 1. Let y be h(-3). Suppose y = 6*g - 28. Calculate the highest common factor of g and 203.
29
Let x = 4 - -3. Suppose -13*k = -5*k - 8. Calculate the highest common divisor of k and x.
1
Let b(w) = -5*w + 3. Let r be b(-4). Let s = 206 + -137. What is the highest common factor of s and r?
23
Let p = -65 - -95. Let a = 2 - p. Let q = a + 52. What is the highest common divisor of q and 72?
24
Let b be ((-48)/(-80))/(6/340). What is the highest common factor of b and 6?
2
Let i(d) = d + 11. Suppose -4*t - 40 + 8 = 0. Let l be i(t). Let a = -794 + 800. What is the highest common factor of a and l?
3
Let y(s) = s**2 - 31*s - 288. Let t be y(40). Suppose 560 = 3*q - 4*d, -3 = d + 2. Calculate the greatest common factor of q and t.
36
Let u = 296 - 276. Calculate the highest common divisor of u and 4.
4
Let f(w) = -5*w**2 + 0*w**3 - 9 - 5 - 3*w**3 + 2*w**3. Let s be f(-6). What is the highest common factor of 33 and s?
11
Let s be 19/(19/8) + 13. Suppose -2*i + m + 3 = 1, -5*i = -5*m. Let d be 56/i - s/7. Calculate the highest common divisor of d and 75.
25
Suppose 124 = 5*d - 236. Suppose 15*z + 24 = 144. Calculate the greatest common factor of z and d.
8
Let q be 16 - 15 - -3*1. Suppose -4*z = -20 - q. Let s = -33 - -99. Calculate the greatest common divisor of s and z.
6
Let k = -108 - -111. Suppose k*h = -h + 4*b + 268, 345 = 5*h - 3*b. Calculate the greatest common divisor of h and 48.
24
Let h be (1/(-3))/((-13)/78). Suppose 3*y = 4*a + 84, -3*y + h*a + 81 = -a. Suppose -5*n = n - 48. What is the highest common factor of n and y?
8
Suppose -4*j + 86 = 17*p - 12*p, -p - j + 18 = 0. Let u(y) = y**2 + 8*y + 7. Let k be u(-8). Calculate the greatest common factor of k and p.
7
Let j(s) = 93*s - 160. Let g be j(8). What is the highest common factor of g and 8?
8
Let k = 11 - 6. Suppose 3*y - k = 2*y. Suppose -5*f + 4*g = -75, -y*f + g = -0*g - 60. What is the highest common divisor of f and 77?
11
Let p = 22 - 18. Suppose p*f + 21 - 85 = 0. Calculate the highest common divisor of 40 and f.
8
Let j(o) = -o**3 - 6*o**2 + 6*o + 7. Let r = 1 + -8. Let t be j(r). Suppose -t = -c + 20. What is the greatest common divisor of c and 306?
34
Suppose -3*s = 6, z = 6*s - 7*s + 54. Calculate the highest common divisor of 196 and z.
28
Let n(b) = b**3 - b**2 - 1. Let c be n(2). Let p = c + 8. Suppose -2*s + 3*s = -5*v + 16, -v = s - 4. What is the highest common factor of p and s?
1
Suppose 10*n - 6*n - 20 = 0. Suppose 0 = -2*b - n*y + 85, 6*b - 4*b + 3*y = 83. What is the highest common factor of 16 and b?
8
Let g(u) = 3*u**2 + 9*u + 6. Let y be g(-7). Let n = -44 + y. Calculate the greatest common factor of n and 69.
23
Suppose 16 = 4*p - 2*u, 1 = -2*p + 2*u + 5. Suppose -r + p = 2*r. Suppose -r = 2*q - 10. Calculate the greatest common divisor of 28 and q.
4
Let i be (-3)/(6/(-22)) - -2. Suppose -4 = o, -4*u - 4*o = -0*o - 400. What is the greatest common factor of u and i?
13
Let s = 787 - 507. Calculate the highest common divisor of s and 112.
56
Suppose -5*f = p - 599, 3*f + 3*p - 237 = f. Suppose 0*x + 4*w + 44 = 2*x, 0 = -x - 3*w + 27. Calculate the highest common factor of x and f.
24
Suppose 68*q - 991 = 301. What is the greatest common factor of 931 and q?
19
Suppose -88*u = -71*u - 11424. What is the greatest common factor of u and 84?
84
Let k be (6/5)/(12/(-40)). Let m be -3 + (-80)/(-5) + k. Let g be (-4)/(-6)*(23 - -4). What is the greatest common factor of g and m?
9
Let f(i) = i + 15 - 6 + 19 - 3*i. Let c be f(12). What is the highest common factor of 4 and c?
4
Suppose -w = 21 - 75. Suppose -72 = -4*d - 3*m, -2*m - w = -3*d + 3*m. Calculate the greatest common divisor of 18 and d.
18
Let y = 418 + -338. What is the greatest common factor of y and 200?
40
Let i be -4 + (90/24)/(2/96). Calculate the highest common divisor of i and 32.
16
Suppose -2*u + w = 1, -5*w + 5 = -4*u - 0*u. Suppose -n + 2*n - 38 = u. Suppose 2 = -3*v + n. Calculate the greatest common factor of v and 84.
12
Let w = 135 - 116. Calculate the highest common factor of 19 and w.
19
Let b = -108 - -132. What is the highest common divisor of b and 64?
8
Suppose -5*f + 70 = 2*r, 0 = 6*f - 7*f. What is the greatest common factor of 15 and r?
5
Let g be (-3)/(-6)*-8 + 94. Calculate the greatest common factor of g and 14.
2
Let b = 40 + -27. Suppose d = -l + b + 6, 2*l - 3*d = 33. Let h(w) = w**3 - 3*w**2 + 2*w + 3. Let i be h(3). Calculate the greatest common divisor of i and l.
9
Suppose -u = -0*u + 4*n - 256, 0 = 4*u + 5*n - 980. What is the highest common factor of 96 and u?
48
Let y(a) = -11*a - 129. Let f be y(-20). What is the greatest common factor of f and 65?
13
Let m(g) = 23*g + 76. Let x be m(8). What is the greatest common factor of 20 and x?
20
Suppose -6 - 1 = -2*u + b, u = 2*b - 1. Let v be u/(-4)*(-12)/3. Suppose -54 = -2*t + v*n, -7 = -t + 4*n + 23. What is the greatest common factor of 176 and t?
22
Suppose 4*d - 39 = -5*r, 5*r - 5*d = 5 + 25. Let f(c) = -4*c**2 - 3*c + 5. Let v be f(-4). Let k = -33 - v. Calculate the greatest common divisor of k and r.
7
Let t(q) = 240*q**3 - 10*q + 10. Let o be t(1). Calculate the highest common factor of o and 96.
48
Let o(t) = -23*t**3 - 2*t**2 + 21*t + 43. Let k be o(-2). Calculate the greatest common factor of k and 3.
3
Suppose 0 = 2*j + 2*c + 2, -2*j + 1 = -0*c + 3*c. Let q = -1 - j. Suppose 4*z - a = 93, -q*a = z + 3 - 36. What is the highest common factor of 4 and z?
4
Let q(k) = -17*k + 16. Let n be q(-4). Suppose -n = -2*y - y. What is the highest common factor of 70 and y?
14
Suppose 0 = -2*d + 4*b + 736, -2*d = 4*b - 580 - 196. What is the highest common divisor of 14 and d?
14
Let t(m) = 7*m**2 - 14*m + 19. Let k be t(5). Let h = k - 110. What is the greatest common divisor of 252 and h?
14
Suppose -4*b + 223 = 3*r, 4*r + 2*b - 3*b - 310 = 0. Suppose -a - 16 = -4*s + 81, 3*s - 5*a = r. What is the greatest common factor of s and 84?
12
Suppose -3*p = -p - 32. Let a =